z) = -5*z. Let t(k) = -2*k + 1. Let c(x) = 2*t(x) - v(x). Let p(f) = d*j(f) + c(f). Give p(6).
-2
Let t(o) = -6*o + 22 - 13*o + 46*o - 14*o - 16*o. What is t(12)?
-14
Suppose 2*o + 675 = -37*o - 6*o. Let s(a) = -a**2 - 20*a - 72. Determine s(o).
3
Let f(c) = -30488 + 15246 + 15239 + c**2 - 2*c. Let w = 2 - 10. Let d = w - -12. Give f(d).
5
Suppose 0 = -464*v + 460*v. Let i(r) = 8 + 2*r - 6*r**2 + 15*r**3 + 2*r**2 + v*r - 14*r**3 - 3*r. Give i(4).
4
Let w(d) = d**2 + 4*d + 4. Suppose -2*l - 1 = 3*b + 5, 6 = -3*b - 5*l. Let x be w(b). Let q(r) = r**2 - 8 + 2*r - 3*r - 1. What is q(x)?
-9
Suppose 75*p - 76*p + 71 = 0. Let r(a) = -51 + p + a - 13. Calculate r(-8).
-1
Let b(c) be the third derivative of 21*c**2 + 0 + 5/3*c**3 + 1/60*c**5 + 5/12*c**4 + 0*c. Give b(-8).
-6
Let x = 25 - 22. Let n(j) be the second derivative of -1/2*j**3 - 8 - j + 1/2*j**2. What is n(x)?
-8
Let y(l) = 6*l**3 + l**2 + l. Let v(g) = 5*g**3 + 2*g - 1. Suppose 27*f = 139 - 31. Let b(w) = f*y(w) - 5*v(w). Give b(4).
-19
Let i(x) be the first derivative of x**6/120 - x**5/10 + x**4/12 + 2*x**3/3 - x**2 + 25*x + 17. Let r(d) be the second derivative of i(d). What is r(5)?
-11
Suppose -6*t - 170*u + 171*u - 155 = 0, 108 = -4*t - 4*u. Let p(b) = -b - 21. Give p(t).
5
Suppose -8*k + 9 - 1 = 0. Let n(g) = 41*g**2 + 3*g - 1. Let t be n(k). Let h(j) = -t*j + 0 + 3 + 49*j. Calculate h(-2).
-9
Let x(r) = -r + 22. Suppose -182 = -14*v + 12*v - 4*b, 0 = 5*b + 20. Suppose -4*d - v = -13*d. Determine x(d).
11
Let n(a) = -2*a + 31. Let t(g) = g - 21. Let r(f) = -2*n(f) - t(f). Calculate r(-8).
-65
Let u(s) = s**3 - 13*s**2 - 20*s - 3. Let a(m) = 3*m**3 - 39*m**2 - 58*m - 8. Let x be (-4)/(-2) + (-1 + 1 - 5). Let v(b) = x*a(b) + 8*u(b). Give v(14).
0
Let q(x) = -673*x - x**2 + 671*x - x**2 + 5*x**2 + 9 + 2*x**3 - x**3. Determine q(-5).
-31
Let x(q) = -29*q + 481. Let u be x(16). Let p(r) = -r**3 + 17*r**2 + r - 19. Calculate p(u).
-2
Let i(l) = -6*l**2 + 8*l + 6. Let c(x) = 7*x**2 - 8*x - 8. Let g(j) = -3*c(j) - 4*i(j). What is g(4)?
16
Let c = 212 - 207. Let a(i) = 11*i - 7*i - c*i - 10 - i. Suppose -3*u = 2*u - 35. Determine a(u).
-24
Let p(d) = 6*d + 122. Let y be p(-20). Let m(x) be the first derivative of -x**2 - 6*x + 2. Let v(a) = 2*a + 6. Let q(n) = y*v(n) + 3*m(n). What is q(-6)?
6
Let v(a) = 5*a - 24. Let l(n) = 14*n - 95. Let u(p) = 2*l(p) - 7*v(p). Determine u(-3).
-1
Let n(j) = 3*j + 16. Let s(o) = 4*o**3 + o**2 + 25*o + 7. Let m(q) = 5*q**3 + q**2 + 28*q + 7. Let y(a) = 5*m(a) - 6*s(a). Let d be y(0). Calculate n(d).
-5
Let o(m) = -m**2 - 42*m - 229. Let a be o(-36). Let r(q) = 10*q + 127. Calculate r(a).
-3
Let a(p) = 2*p**2 - 22*p - 2. Let k be -6*(-12)/72 - -10. Give a(k).
-2
Let z(y) = 54*y + 8. Let w(n) = 3*n + 5. Let o(g) = 13*w(g) - z(g). What is o(4)?
-3
Let o(m) be the first derivative of -55 + 4*m**2 - 1/3*m**3 - 9*m. What is o(8)?
-9
Let r = -408 - -273. Let j = -111 - r. Suppose 8*v - 8 + j = 0. Let u(d) = -2*d**3 - 2*d**2 + 2*d. What is u(v)?
4
Suppose 10*c - 34 = -144. Let m(b) = 9*b + 6 - 4*b + 4*b - 3*b + b**2 + 6*b. Calculate m(c).
-5
Let d(t) = t**3 - 3*t**2 - t - 1. Let q(l) = 6*l**3 - 2*l**2 + 6*l - 22. Let g = 255 + -256. Let u(z) = g*q(z) + 5*d(z). What is u(-12)?
5
Suppose -203*t + 9 = -200*t. Let j be (-3)/1 + (-12)/((-9)/t). Let s(o) = -32*o - 1. What is s(j)?
-33
Suppose 0 = -m - 31*l + 26*l - 13, 5*m - 4*l = 51. Let i(r) = 4 - 5*r**2 - 1222*r - m + r**3 + 1221*r. Let p be (0 - (-5)/(-2))*-2. What is i(p)?
-8
Let q be (-48)/(-14) + (100/(-35))/(-5). Suppose -g + 0*g = 1, q*m = g - 19. Let o(l) = -22*l - l + 22*l. Calculate o(m).
5
Let r(t) = -2*t**2 + t + 2. Let o(p) = 2*p**3 - 40*p**2 - 43*p + 21. Let b be o(21). Suppose -12 = -y - 0*y + 2*g, b = -y - 4*g - 18. Give r(y).
-4
Let g = 310 - 307. Let m(k) = 5*k - 18*k + 8*k + 5*k + 2*k - 1 + g*k**2. Determine m(3).
32
Let m(g) = 12*g**2 - 7*g**2 - 4*g - 20 - g**3 - g**3 + 2*g**3 + g**3. Give m(-5).
0
Let s(m) = 0*m**2 - 10*m + 2*m**2 - 7*m**3 + 8*m + 1. Suppose -3*v - 5*a - 95 + 113 = 0, -v + 3*a - 8 = 0. Calculate s(v).
-6
Let q(x) = x**2 - x - 4. Let c(g) = g + 1. Let z(o) = -7*o + 4. Let w(r) = 6*c(r) + z(r). Let m = -617 - -624. Let f be w(m). Determine q(f).
2
Let r(n) = n**3 - 4*n**2 - 8*n + 1. Let b(m) = 5*m**3 - 15*m**2 - 33*m + 3. Let z(c) = -2*b(c) + 9*r(c). Suppose 6*d - 373 = -73. Let o = 45 - d. What is z(o)?
8
Suppose 0 = 77*b - 82*b + 2*a + 7, 3*b = -a + 13. Let x(l) be the first derivative of 0*l**b + l + 36 + 0*l**2 + 7/4*l**4. Calculate x(-1).
-6
Let g(c) = c + 2 + 0 + 2. Suppose -3*r = 24 - 45. Calculate g(r).
11
Let r = -4511/24 - -1505/8. Let v(a) be the third derivative of 1/12*a**4 + 0*a + 0 + r*a**3 - 17*a**2. Determine v(4).
9
Let m be (-3)/(-6)*0/(2 - 6). Suppose -5*a = 5*d - 45, 4*d + 0*d - 26 = -3*a. Suppose -s = -5*c - m*s + 7, c + a = 4*s. Let y(j) = j**2 - j - 1. What is y(c)?
1
Suppose 4*l - 8*l + 18 = -3*r, 5*r + 19 = 3*l. Let j(o) be the second derivative of -1/3*o**3 - 1/20*o**5 + 1/2*o**2 + 0 - 5*o + 1/3*o**4. Calculate j(l).
4
Let l(p) = -p**2 - 21*p - 38. Let g be l(-19). Suppose -7*z - 5*q - 25 = -9*z, -3*z - 3*q + 6 = g. Let a(w) = -2 - 3 + 2*w - w - 4. Determine a(z).
-4
Let v(k) = 25 + 2*k + 23 + 18 - 63. Let r(j) = j**2 - 10*j - 1. Let p(b) = r(b) + 2*v(b). What is p(5)?
0
Let q be 1/((1 - 12/13)*1). Suppose -4*z - q = -5. Let k(d) = -d**2. Let h(t) = -t**3 - t**2. Let u(p) = h(p) - k(p). Give u(z).
8
Let h be 4/(-2)*(-1)/(-2). Let n = -1 + h. Let d(i) be the third derivative of i**5/30 - i**4/24 - i**3/3 + 100*i**2 - 1. Determine d(n).
8
Let x(h) be the first derivative of h**4/4 - 6*h**3 - 21*h**2/2 + 4*h - 3682. Determine x(19).
-34
Let d(f) = f**2 - 18*f - 32. Suppose -2*b - 2*b + 82 = -2*q, 5*q - 25 = 0. What is d(b)?
83
Let r(x) = x**2 + x - 71. Let n = 7621 - 7612. Calculate r(n).
19
Let z(l) be the third derivative of -4*l**5/15 + l**4/24 + 7*l**3/6 - l**2 - 8*l + 126. Determine z(3).
-134
Let o be -4 + 0 + 4 - 52. Let s be (-21)/(-5) + o/(-65). Let q(h) = -h**2 + 4*h + 5. Determine q(s).
0
Let q(m) = m**2 + m - 8. Let k(b) = 2*b**3 - 2*b**2 + 3*b - 6. Let h be k(3). Let a = -39 + h. Suppose 4*f + f - f = a. Give q(f).
-8
Let s(v) be the first derivative of -2*v**3/3 + 7*v**2/2 + 2*v - 1851. Calculate s(-4).
-58
Let k(l) = 5*l**2 + 6*l + 6. Let a(q) = -7*q + 165. Let i be a(24). Determine k(i).
33
Suppose -4*s = 552 - 1416. Let m be (-96)/s + ((-320)/(-18))/4. Let d(q) = q**3 - 4*q**2 - q. Calculate d(m).
-4
Let w(v) be the second derivative of -3/20*v**5 - 1/4*v**4 - 1/6*v**3 - 78*v + 0 + v**2. Determine w(-2).
16
Let h(y) = 4*y - 46. Let i(k) = 7*k - 105. Let u(p) = -7*h(p) + 3*i(p). What is u(5)?
-28
Let q = -4 - -9. Suppose 2*y + q = -5. Let d(b) = -b + 2076*b**2 + 0*b - 2*b - 1016*b**2 - 1061*b**2 + 3. Determine d(y).
-7
Let u = 969 + -974. Let m(y) = 4*y**3 + 9*y**2 - y - 6. Let t(d) = 3*d**3 + 8*d**2 - 6. Let n(r) = -2*m(r) + 3*t(r). Calculate n(u).
9
Let k(c) = -c - 1. Let d = -53 - -65. Suppose 100 = -d*g - 44. Let r be (-1 + 2 - 14) + g/(-4). Calculate k(r).
9
Let t(c) = -7*c - 1. Let w be t(-3). Suppose -5*y = -9*y + w. Suppose y*q + 3*m + 0*m - 7 = 0, 4*q - 9 = m. Let x(a) = -5*a + 1. Calculate x(q).
-9
Let q(m) = -11*m**2 + 40*m + 20. Let s = -160 + 163. Let b(i) = -4*i**2 + 14*i + 7. Let c(u) = s*q(u) - 8*b(u). Give c(10).
-16
Let c(y) = 6*y**2 - 2*y. Suppose 3*k + 4*n + 7 = -7, n = 2*k + 2. Let x(f) = 1. Let a(o) = k*x(o) - c(o). Determine a(1).
-6
Let g = -65 - -73. Suppose -5*w + 15 = 0, 3*w = -3*o + 2*w + 9. Let d be o + -4 + g/(-8). Let b(q) = 2*q**2 + 5*q + 4. Calculate b(d).
7
Let k be 7/(42/657) - (-1)/(-2). Suppose 4*a = w - k, -33 - 110 = 5*a + w. Let p = a - -30. Let b(u) = u**3 + 2. Give b(p).
10
Let q(p) = p**3 + 5*p**2 - 4*p + 8. Let w be q(-6). Let g be w/(-42) + (-488)/(-168). Let n(m) = -6*m + 3. Determine n(g).
-15
Let v(m) = 6*m**2 + 10*m - 10. Suppose -2*h - 2*f + 719 = 727, h + 4*f = -19. Determine v(h).
6
Let j(i) = -2*i - 6. Let m(w) = -w**2 + 22*w - 81. Let v be m(17). Suppose 45 = v*x + 25. Determine j(x).
-16
Let j = 518 - 513. Let i be (12/(-36))/(j/(-210)*2). Let p(x) = -x**2 + 7*x. Calculate p(i).
0
Suppose -13 - 23 = -12*k. Let w be (-1755)/(-315) + k/7. Let f(c) = c**3 - 4*c**2 - 7*c + 5. Determine f(w)